{"id":1206,"date":"2024-03-14T08:49:14","date_gmt":"2024-03-14T08:49:14","guid":{"rendered":"https:\/\/pfefferwerk-akademie.de\/?page_id=1206"},"modified":"2026-03-27T09:26:11","modified_gmt":"2026-03-27T09:26:11","slug":"aktuelles","status":"publish","type":"page","link":"https:\/\/pfefferwerk-akademie.de\/index.php\/aktuelles\/","title":{"rendered":"Aktuelles"},"content":{"rendered":"\n<main class=\"wp-block-query loop-aktuelles is-layout-flow wp-block-query-is-layout-flow\"><ul class=\"block-aktuelles wp-block-post-template is-layout-flow wp-block-post-template-is-layout-flow\"><li class=\"wp-block-post post-1433 post type-post status-publish format-standard has-post-thumbnail hentry category-akutelles\">\n\n<article class=\"wp-block-group blog-entry\"><div class=\"wp-block-group__inner-container is-layout-constrained wp-block-group-is-layout-constrained\"><figure class=\"alignleft wp-block-post-featured-image\"><img loading=\"lazy\" decoding=\"async\" width=\"1200\" height=\"1600\" src=\"https:\/\/pfefferwerk-akademie.de\/wp-content\/uploads\/Ausstellung.jpg\" class=\"attachment-post-thumbnail size-post-thumbnail wp-post-image\" alt=\"\" style=\"object-fit:cover;\" srcset=\"https:\/\/pfefferwerk-akademie.de\/wp-content\/uploads\/Ausstellung.jpg 1200w, https:\/\/pfefferwerk-akademie.de\/wp-content\/uploads\/Ausstellung-225x300.jpg 225w, https:\/\/pfefferwerk-akademie.de\/wp-content\/uploads\/Ausstellung-768x1024.jpg 768w, https:\/\/pfefferwerk-akademie.de\/wp-content\/uploads\/Ausstellung-1152x1536.jpg 1152w\" sizes=\"auto, (max-width: 1200px) 100vw, 1200px\" \/><\/figure>\n\n<h2 class=\"wp-block-post-title\">Besuch Hamburger Bahnhof : Eine Sammlung f\u00fcr das 21. Jahrhundert<\/h2>\n\n<div class=\"entry-content wp-block-post-content is-layout-flow wp-block-post-content-is-layout-flow\">\n<p>Im Zuge unsers Kunstunterrichts waren wir im Hamburger Bahnhof, um dort die \u201eSammlung f\u00fcr das 21. Jahrhundert\u201c zu besuchen. Dort wird Kunst aus der Berlin Kunstszene von der Schwelle der Mauer\u00f6ffnung bis in die Gegenwart gezeigt. Die Exkursion bot uns die M\u00f6glichkeit, zeitgen\u00f6ssische Kunst zu erleben und unterschiedliche Ausdrucksformen kennenzulernen. Viele der Werke regten zum Nachdenken und zum Austausch in der Gruppe an.<\/p>\n\n\n\n<p>F\u00fcr uns als angehende Erzieher*innen war es besonders spannend zu sehen, wie gesellschaftliche Themen in der Kunst aufgegriffen und verarbeitet werden. Der Besuch war eine bereichernde Erfahrung und eine gute Abwechslung zum Unterricht im Klassenzimmer!<\/p>\n\n\n\n<p>M\u00e4rz 2026<\/p>\n\n\n\n<p><\/p>\n<\/div>\n\n\n<div style=\"height:40px\" aria-hidden=\"true\" class=\"wp-block-spacer\"><\/div>\n<\/div><\/article>\n\n<\/li><li class=\"wp-block-post post-1241 post type-post status-publish format-standard has-post-thumbnail hentry category-akutelles\">\n\n<article class=\"wp-block-group blog-entry\"><div class=\"wp-block-group__inner-container is-layout-constrained wp-block-group-is-layout-constrained\"><figure class=\"alignleft wp-block-post-featured-image\"><img loading=\"lazy\" decoding=\"async\" width=\"1920\" height=\"2560\" src=\"https:\/\/pfefferwerk-akademie.de\/wp-content\/uploads\/20260317_135122-scaled.jpg\" class=\"attachment-post-thumbnail size-post-thumbnail wp-post-image\" alt=\"\" style=\"object-fit:cover;\" srcset=\"https:\/\/pfefferwerk-akademie.de\/wp-content\/uploads\/20260317_135122-scaled.jpg 1920w, https:\/\/pfefferwerk-akademie.de\/wp-content\/uploads\/20260317_135122-225x300.jpg 225w, https:\/\/pfefferwerk-akademie.de\/wp-content\/uploads\/20260317_135122-768x1024.jpg 768w, https:\/\/pfefferwerk-akademie.de\/wp-content\/uploads\/20260317_135122-1152x1536.jpg 1152w, https:\/\/pfefferwerk-akademie.de\/wp-content\/uploads\/20260317_135122-1536x2048.jpg 1536w\" sizes=\"auto, (max-width: 1920px) 100vw, 1920px\" \/><\/figure>\n\n<h2 class=\"wp-block-post-title\">Mentor*innen Qualifizierung<\/h2>\n\n<div class=\"entry-content wp-block-post-content is-layout-flow wp-block-post-content-is-layout-flow\">\n<p>Wir bilden die Anleiter*innen in den Praxisstellen aus, um sicherzustellen, dass die Anleiter*innen das n\u00f6tige Knowhow und die richtige Haltung mitbringen, um unsere Studierenden gut und qualifiziert durch die Ausbildung zu begleiten. Es ist eine anspruchsvolle Aufgabe und deshalb gibt es regelm\u00e4\u00dfig 1x pro Jahr eine Fortbildung zu dem Thema \u201egute Mentorenschaft\u201c bei Pfefferwerk. &nbsp;<\/p>\n\n\n\n<p>Im M\u00e4rz ging es im 2. Modul um das Thema \u201eAufgaben &amp; Organisation\u201c. Im April geht es dann weiter mit Modul III \u201eKommunikation\u201c<\/p>\n\n\n\n<p>M\u00e4rz 2026<\/p>\n\n\n\n<p><\/p>\n<\/div>\n\n\n<div style=\"height:40px\" aria-hidden=\"true\" class=\"wp-block-spacer\"><\/div>\n<\/div><\/article>\n\n<\/li><li class=\"wp-block-post post-1363 post type-post status-publish format-standard has-post-thumbnail hentry category-akutelles\">\n\n<article class=\"wp-block-group blog-entry\"><div class=\"wp-block-group__inner-container is-layout-constrained wp-block-group-is-layout-constrained\"><figure class=\"alignleft wp-block-post-featured-image\"><img loading=\"lazy\" decoding=\"async\" width=\"1080\" height=\"1350\" src=\"https:\/\/pfefferwerk-akademie.de\/wp-content\/uploads\/Anzeige-Pfefferwerk_K2_Instaformat-4-5.jpg\" class=\"attachment-post-thumbnail size-post-thumbnail wp-post-image\" alt=\"\" style=\"object-fit:cover;\" srcset=\"https:\/\/pfefferwerk-akademie.de\/wp-content\/uploads\/Anzeige-Pfefferwerk_K2_Instaformat-4-5.jpg 1080w, https:\/\/pfefferwerk-akademie.de\/wp-content\/uploads\/Anzeige-Pfefferwerk_K2_Instaformat-4-5-240x300.jpg 240w, https:\/\/pfefferwerk-akademie.de\/wp-content\/uploads\/Anzeige-Pfefferwerk_K2_Instaformat-4-5-819x1024.jpg 819w, https:\/\/pfefferwerk-akademie.de\/wp-content\/uploads\/Anzeige-Pfefferwerk_K2_Instaformat-4-5-768x960.jpg 768w\" sizes=\"auto, (max-width: 1080px) 100vw, 1080px\" \/><\/figure>\n\n<h2 class=\"wp-block-post-title\">+5K Aura &#8211; werde Erzieher*in<\/h2>\n\n<div class=\"entry-content wp-block-post-content is-layout-flow wp-block-post-content-is-layout-flow\">\n<p>Es geht wieder los bei uns, du kannst dich ab sofort bewerben f\u00fcr den n\u00e4chsten Jahrgang ab Sommer 2026. Die Pl\u00e4tze sind begrenzt, also nicht zu lang z\u00f6gern..! Unsere Schultage sind ab dem 3. September immer donnerstags und freitags. Wir helfen auch bei der Vermittlung von Praxisstellen, entweder bei Pfefferwerk Stadtkultur gGmbH oder bei anderen Kooperationspartnern!<\/p>\n\n\n\n<p>Februar 2026<\/p>\n\n\n\n<p><\/p>\n<\/div>\n\n\n<div style=\"height:40px\" aria-hidden=\"true\" class=\"wp-block-spacer\"><\/div>\n<\/div><\/article>\n\n<\/li><li class=\"wp-block-post post-1387 post type-post status-publish format-standard has-post-thumbnail hentry category-akutelles\">\n\n<article class=\"wp-block-group blog-entry\"><div class=\"wp-block-group__inner-container is-layout-constrained wp-block-group-is-layout-constrained\"><figure class=\"alignleft wp-block-post-featured-image\"><img loading=\"lazy\" decoding=\"async\" width=\"1440\" height=\"2560\" src=\"https:\/\/pfefferwerk-akademie.de\/wp-content\/uploads\/20251117_103340-Kolle-37-scaled.jpg\" class=\"attachment-post-thumbnail size-post-thumbnail wp-post-image\" alt=\"\" style=\"object-fit:cover;\" srcset=\"https:\/\/pfefferwerk-akademie.de\/wp-content\/uploads\/20251117_103340-Kolle-37-scaled.jpg 1440w, https:\/\/pfefferwerk-akademie.de\/wp-content\/uploads\/20251117_103340-Kolle-37-169x300.jpg 169w, https:\/\/pfefferwerk-akademie.de\/wp-content\/uploads\/20251117_103340-Kolle-37-576x1024.jpg 576w, https:\/\/pfefferwerk-akademie.de\/wp-content\/uploads\/20251117_103340-Kolle-37-768x1365.jpg 768w, https:\/\/pfefferwerk-akademie.de\/wp-content\/uploads\/20251117_103340-Kolle-37-864x1536.jpg 864w, https:\/\/pfefferwerk-akademie.de\/wp-content\/uploads\/20251117_103340-Kolle-37-1152x2048.jpg 1152w\" sizes=\"auto, (max-width: 1440px) 100vw, 1440px\" \/><\/figure>\n\n<h2 class=\"wp-block-post-title\">Besuch Bauspielplatz Kolle 37<\/h2>\n\n<div class=\"entry-content wp-block-post-content is-layout-flow wp-block-post-content-is-layout-flow\">\n<p><\/p>\n\n\n\n<p>Im grauen November besuchten wir den tollen und bunten Abenteuerspielplatz Kolle 37, dies ist ein Projekt des <a href=\"https:\/\/www.netzwerkspielkultur.de\/\" target=\"_blank\" rel=\"noreferrer noopener\">Netzwerk Spiel\/Kultur Prenzlauer Berg e.V.<\/a> und der erste Platz dieser Art, der im Ostteil Berlins entstand.<\/p>\n\n\n\n<p>Wir hatten richtig Spa\u00df und k\u00f6nnen allen Kindern einen Besuch empfehlen \u2013 drinnen im Warmen beim Basteln, N\u00e4hen oder Bauen oder drau\u00dfen am Feuer, in der Schmiede oder zum Lehmbau.\ud83d\ude0a<\/p>\n\n\n\n<p>November 2025 <\/p>\n\n\n\n<p><\/p>\n<\/div>\n\n\n<div style=\"height:40px\" aria-hidden=\"true\" class=\"wp-block-spacer\"><\/div>\n<\/div><\/article>\n\n<\/li><li class=\"wp-block-post post-1371 post type-post status-publish format-standard has-post-thumbnail hentry category-akutelles\">\n\n<article class=\"wp-block-group blog-entry\"><div class=\"wp-block-group__inner-container is-layout-constrained wp-block-group-is-layout-constrained\"><figure class=\"alignleft wp-block-post-featured-image\"><img loading=\"lazy\" decoding=\"async\" width=\"2040\" height=\"1530\" src=\"https:\/\/pfefferwerk-akademie.de\/wp-content\/uploads\/Gruppenbild-House-of-One.jpg\" class=\"attachment-post-thumbnail size-post-thumbnail wp-post-image\" alt=\"\" style=\"object-fit:cover;\" srcset=\"https:\/\/pfefferwerk-akademie.de\/wp-content\/uploads\/Gruppenbild-House-of-One.jpg 2040w, https:\/\/pfefferwerk-akademie.de\/wp-content\/uploads\/Gruppenbild-House-of-One-300x225.jpg 300w, https:\/\/pfefferwerk-akademie.de\/wp-content\/uploads\/Gruppenbild-House-of-One-1024x768.jpg 1024w, https:\/\/pfefferwerk-akademie.de\/wp-content\/uploads\/Gruppenbild-House-of-One-768x576.jpg 768w, https:\/\/pfefferwerk-akademie.de\/wp-content\/uploads\/Gruppenbild-House-of-One-1536x1152.jpg 1536w\" sizes=\"auto, (max-width: 2040px) 100vw, 2040px\" \/><\/figure>\n\n<h2 class=\"wp-block-post-title\">House of One<\/h2>\n\n<div class=\"entry-content wp-block-post-content is-layout-flow wp-block-post-content-is-layout-flow\">\n<p>Am 3. Juni besuchten wir im Rahmen des Unterrichts \u201eReligionen und Diversit\u00e4t\u201c das Projekt <em>House of One<\/em> auf der Fischerinsel. Es war beeindruckend, mehr \u00fcber diese au\u00dfergew\u00f6hnliche Idee zu erfahren und den geschichtstr\u00e4chtigen Ort kennenzulernen, an dem ab 2026 gebaut werden soll.<\/p>\n\n\n\n<p>J\u00fcdinnen und Juden, Christinnen und Christen sowie Musliminnen und Muslime planen dort ein gemeinsames Gotteshaus \u2013 ein Ort, der Synagoge, Kirche und Moschee unter einem Dach vereint. Ein Zeichen des Miteinanders und der Verst\u00e4ndigung, das Mut macht und Hoffnung schenkt.<\/p>\n\n\n\n<p>Juni 2025<\/p>\n\n\n\n<p><\/p>\n<\/div>\n\n\n<div style=\"height:40px\" aria-hidden=\"true\" class=\"wp-block-spacer\"><\/div>\n<\/div><\/article>\n\n<\/li><\/ul>\n\n<\/main>\n","protected":false},"excerpt":{"rendered":"","protected":false},"author":13,"featured_media":0,"parent":0,"menu_order":0,"comment_status":"closed","ping_status":"closed","template":"","meta":{"_price":"","_stock":"","_tribe_ticket_header":"","_tribe_default_ticket_provider":"","_tribe_ticket_capacity":"0","_ticket_start_date":"","_ticket_end_date":"","_tribe_ticket_show_description":"","_tribe_ticket_show_not_going":false,"_tribe_ticket_use_global_stock":"","_tribe_ticket_global_stock_level":"","_global_stock_mode":"","_global_stock_cap":"","_tribe_rsvp_for_event":"","_tribe_ticket_going_count":"","_tribe_ticket_not_going_count":"","_tribe_tickets_list":"[]","_tribe_ticket_has_attendee_info_fields":false,"footnotes":"","_tec_slr_enabled":"","_tec_slr_layout":""},"class_list":["post-1206","page","type-page","status-publish"],"ticketed":false,"_links":{"self":[{"href":"https:\/\/pfefferwerk-akademie.de\/index.php\/wp-json\/wp\/v2\/pages\/1206","targetHints":{"allow":["GET"]}}],"collection":[{"href":"https:\/\/pfefferwerk-akademie.de\/index.php\/wp-json\/wp\/v2\/pages"}],"about":[{"href":"https:\/\/pfefferwerk-akademie.de\/index.php\/wp-json\/wp\/v2\/types\/page"}],"author":[{"embeddable":true,"href":"https:\/\/pfefferwerk-akademie.de\/index.php\/wp-json\/wp\/v2\/users\/13"}],"replies":[{"embeddable":true,"href":"https:\/\/pfefferwerk-akademie.de\/index.php\/wp-json\/wp\/v2\/comments?post=1206"}],"version-history":[{"count":6,"href":"https:\/\/pfefferwerk-akademie.de\/index.php\/wp-json\/wp\/v2\/pages\/1206\/revisions"}],"predecessor-version":[{"id":1432,"href":"https:\/\/pfefferwerk-akademie.de\/index.php\/wp-json\/wp\/v2\/pages\/1206\/revisions\/1432"}],"wp:attachment":[{"href":"https:\/\/pfefferwerk-akademie.de\/index.php\/wp-json\/wp\/v2\/media?parent=1206"}],"curies":[{"name":"wp","href":"https:\/\/api.w.org\/{rel}","templated":true}]}}

<main class="wp-block-query loop-aktuelles is-layout-flow wp-block-query-is-layout-flow"><ul class="block-aktuelles wp-block-post-template is-layout-flow wp-block-post-template-is-layout-flow"><li class="wp-block-post post-1433 post type-post status-publish format-standard has-post-thumbnail hentry category-akutelles">

<article class="wp-block-group blog-entry"><div class="wp-block-group__inner-container is-layout-constrained wp-block-group-is-layout-constrained"><figure class="alignleft wp-block-post-featured-image"><img loading="lazy" decoding="async" width="1200" height="1600" src="https://pfefferwerk-akademie.de/wp-content/uploads/Ausstellung.jpg" class="attachment-post-thumbnail size-post-thumbnail wp-post-image" alt="" style="object-fit:cover;" srcset="https://pfefferwerk-akademie.de/wp-content/uploads/Ausstellung.jpg 1200w, https://pfefferwerk-akademie.de/wp-content/uploads/Ausstellung-225x300.jpg 225w, https://pfefferwerk-akademie.de/wp-content/uploads/Ausstellung-768x1024.jpg 768w, https://pfefferwerk-akademie.de/wp-content/uploads/Ausstellung-1152x1536.jpg 1152w" sizes="auto, (max-width: 1200px) 100vw, 1200px" /></figure>

<h2 class="wp-block-post-title">Besuch Hamburger Bahnhof : Eine Sammlung für das 21. Jahrhundert</h2>

<div class="entry-content wp-block-post-content is-layout-flow wp-block-post-content-is-layout-flow">
<p>Im Zuge unsers Kunstunterrichts waren wir im Hamburger Bahnhof, um dort die „Sammlung für das 21. Jahrhundert“ zu besuchen. Dort wird Kunst aus der Berlin Kunstszene von der Schwelle der Maueröffnung bis in die Gegenwart gezeigt. Die Exkursion bot uns die Möglichkeit, zeitgenössische Kunst zu erleben und unterschiedliche Ausdrucksformen kennenzulernen. Viele der Werke regten zum Nachdenken und zum Austausch in der Gruppe an.</p>



<p>Für uns als angehende Erzieher*innen war es besonders spannend zu sehen, wie gesellschaftliche Themen in der Kunst aufgegriffen und verarbeitet werden. Der Besuch war eine bereichernde Erfahrung und eine gute Abwechslung zum Unterricht im Klassenzimmer!</p>



<p>März 2026</p>



<p></p>
</div>


<div style="height:40px" aria-hidden="true" class="wp-block-spacer"></div>
</div></article>

</li><li class="wp-block-post post-1241 post type-post status-publish format-standard has-post-thumbnail hentry category-akutelles">

<article class="wp-block-group blog-entry"><div class="wp-block-group__inner-container is-layout-constrained wp-block-group-is-layout-constrained"><figure class="alignleft wp-block-post-featured-image"><img loading="lazy" decoding="async" width="1920" height="2560" src="https://pfefferwerk-akademie.de/wp-content/uploads/20260317_135122-scaled.jpg" class="attachment-post-thumbnail size-post-thumbnail wp-post-image" alt="" style="object-fit:cover;" srcset="https://pfefferwerk-akademie.de/wp-content/uploads/20260317_135122-scaled.jpg 1920w, https://pfefferwerk-akademie.de/wp-content/uploads/20260317_135122-225x300.jpg 225w, https://pfefferwerk-akademie.de/wp-content/uploads/20260317_135122-768x1024.jpg 768w, https://pfefferwerk-akademie.de/wp-content/uploads/20260317_135122-1152x1536.jpg 1152w, https://pfefferwerk-akademie.de/wp-content/uploads/20260317_135122-1536x2048.jpg 1536w" sizes="auto, (max-width: 1920px) 100vw, 1920px" /></figure>

<h2 class="wp-block-post-title">Mentor*innen Qualifizierung</h2>

<div class="entry-content wp-block-post-content is-layout-flow wp-block-post-content-is-layout-flow">
<p>Wir bilden die Anleiter*innen in den Praxisstellen aus, um sicherzustellen, dass die Anleiter*innen das nötige Knowhow und die richtige Haltung mitbringen, um unsere Studierenden gut und qualifiziert durch die Ausbildung zu begleiten. Es ist eine anspruchsvolle Aufgabe und deshalb gibt es regelmäßig 1x pro Jahr eine Fortbildung zu dem Thema „gute Mentorenschaft“ bei Pfefferwerk. &nbsp;</p>



<p>Im März ging es im 2. Modul um das Thema „Aufgaben &amp; Organisation“. Im April geht es dann weiter mit Modul III „Kommunikation“</p>



<p>März 2026</p>



<p></p>
</div>


<div style="height:40px" aria-hidden="true" class="wp-block-spacer"></div>
</div></article>

</li><li class="wp-block-post post-1363 post type-post status-publish format-standard has-post-thumbnail hentry category-akutelles">

<article class="wp-block-group blog-entry"><div class="wp-block-group__inner-container is-layout-constrained wp-block-group-is-layout-constrained"><figure class="alignleft wp-block-post-featured-image"><img loading="lazy" decoding="async" width="1080" height="1350" src="https://pfefferwerk-akademie.de/wp-content/uploads/Anzeige-Pfefferwerk_K2_Instaformat-4-5.jpg" class="attachment-post-thumbnail size-post-thumbnail wp-post-image" alt="" style="object-fit:cover;" srcset="https://pfefferwerk-akademie.de/wp-content/uploads/Anzeige-Pfefferwerk_K2_Instaformat-4-5.jpg 1080w, https://pfefferwerk-akademie.de/wp-content/uploads/Anzeige-Pfefferwerk_K2_Instaformat-4-5-240x300.jpg 240w, https://pfefferwerk-akademie.de/wp-content/uploads/Anzeige-Pfefferwerk_K2_Instaformat-4-5-819x1024.jpg 819w, https://pfefferwerk-akademie.de/wp-content/uploads/Anzeige-Pfefferwerk_K2_Instaformat-4-5-768x960.jpg 768w" sizes="auto, (max-width: 1080px) 100vw, 1080px" /></figure>

<h2 class="wp-block-post-title">+5K Aura &#8211; werde Erzieher*in</h2>

<div class="entry-content wp-block-post-content is-layout-flow wp-block-post-content-is-layout-flow">
<p>Es geht wieder los bei uns, du kannst dich ab sofort bewerben für den nächsten Jahrgang ab Sommer 2026. Die Plätze sind begrenzt, also nicht zu lang zögern..! Unsere Schultage sind ab dem 3. September immer donnerstags und freitags. Wir helfen auch bei der Vermittlung von Praxisstellen, entweder bei Pfefferwerk Stadtkultur gGmbH oder bei anderen Kooperationspartnern!</p>



<p>Februar 2026</p>



<p></p>
</div>


<div style="height:40px" aria-hidden="true" class="wp-block-spacer"></div>
</div></article>

</li><li class="wp-block-post post-1387 post type-post status-publish format-standard has-post-thumbnail hentry category-akutelles">

<article class="wp-block-group blog-entry"><div class="wp-block-group__inner-container is-layout-constrained wp-block-group-is-layout-constrained"><figure class="alignleft wp-block-post-featured-image"><img loading="lazy" decoding="async" width="1440" height="2560" src="https://pfefferwerk-akademie.de/wp-content/uploads/20251117_103340-Kolle-37-scaled.jpg" class="attachment-post-thumbnail size-post-thumbnail wp-post-image" alt="" style="object-fit:cover;" srcset="https://pfefferwerk-akademie.de/wp-content/uploads/20251117_103340-Kolle-37-scaled.jpg 1440w, https://pfefferwerk-akademie.de/wp-content/uploads/20251117_103340-Kolle-37-169x300.jpg 169w, https://pfefferwerk-akademie.de/wp-content/uploads/20251117_103340-Kolle-37-576x1024.jpg 576w, https://pfefferwerk-akademie.de/wp-content/uploads/20251117_103340-Kolle-37-768x1365.jpg 768w, https://pfefferwerk-akademie.de/wp-content/uploads/20251117_103340-Kolle-37-864x1536.jpg 864w, https://pfefferwerk-akademie.de/wp-content/uploads/20251117_103340-Kolle-37-1152x2048.jpg 1152w" sizes="auto, (max-width: 1440px) 100vw, 1440px" /></figure>

<h2 class="wp-block-post-title">Besuch Bauspielplatz Kolle 37</h2>

<div class="entry-content wp-block-post-content is-layout-flow wp-block-post-content-is-layout-flow">
<p></p>



<p>Im grauen November besuchten wir den tollen und bunten Abenteuerspielplatz Kolle 37, dies ist ein Projekt des <a href="https://www.netzwerkspielkultur.de/" target="_blank" rel="noreferrer noopener">Netzwerk Spiel/Kultur Prenzlauer Berg e.V.</a> und der erste Platz dieser Art, der im Ostteil Berlins entstand.</p>



<p>Wir hatten richtig Spaß und können allen Kindern einen Besuch empfehlen – drinnen im Warmen beim Basteln, Nähen oder Bauen oder draußen am Feuer, in der Schmiede oder zum Lehmbau.😊</p>



<p>November 2025 </p>



<p></p>
</div>


<div style="height:40px" aria-hidden="true" class="wp-block-spacer"></div>
</div></article>

</li><li class="wp-block-post post-1371 post type-post status-publish format-standard has-post-thumbnail hentry category-akutelles">

<article class="wp-block-group blog-entry"><div class="wp-block-group__inner-container is-layout-constrained wp-block-group-is-layout-constrained"><figure class="alignleft wp-block-post-featured-image"><img loading="lazy" decoding="async" width="2040" height="1530" src="https://pfefferwerk-akademie.de/wp-content/uploads/Gruppenbild-House-of-One.jpg" class="attachment-post-thumbnail size-post-thumbnail wp-post-image" alt="" style="object-fit:cover;" srcset="https://pfefferwerk-akademie.de/wp-content/uploads/Gruppenbild-House-of-One.jpg 2040w, https://pfefferwerk-akademie.de/wp-content/uploads/Gruppenbild-House-of-One-300x225.jpg 300w, https://pfefferwerk-akademie.de/wp-content/uploads/Gruppenbild-House-of-One-1024x768.jpg 1024w, https://pfefferwerk-akademie.de/wp-content/uploads/Gruppenbild-House-of-One-768x576.jpg 768w, https://pfefferwerk-akademie.de/wp-content/uploads/Gruppenbild-House-of-One-1536x1152.jpg 1536w" sizes="auto, (max-width: 2040px) 100vw, 2040px" /></figure>

<h2 class="wp-block-post-title">House of One</h2>

<div class="entry-content wp-block-post-content is-layout-flow wp-block-post-content-is-layout-flow">
<p>Am 3. Juni besuchten wir im Rahmen des Unterrichts „Religionen und Diversität“ das Projekt <em>House of One</em> auf der Fischerinsel. Es war beeindruckend, mehr über diese außergewöhnliche Idee zu erfahren und den geschichtsträchtigen Ort kennenzulernen, an dem ab 2026 gebaut werden soll.</p>



<p>Jüdinnen und Juden, Christinnen und Christen sowie Musliminnen und Muslime planen dort ein gemeinsames Gotteshaus – ein Ort, der Synagoge, Kirche und Moschee unter einem Dach vereint. Ein Zeichen des Miteinanders und der Verständigung, das Mut macht und Hoffnung schenkt.</p>



<p>Juni 2025</p>



<p></p>
</div>


<div style="height:40px" aria-hidden="true" class="wp-block-spacer"></div>
</div></article>

</li></ul>

</main>
