{"id":691,"date":"2021-10-29T11:54:12","date_gmt":"2021-10-29T11:54:12","guid":{"rendered":"https:\/\/pfefferwerk-akademie.de\/?page_id=691"},"modified":"2025-11-25T08:29:44","modified_gmt":"2025-11-25T08:29:44","slug":"zulassungsvoraussetzung","status":"publish","type":"page","link":"https:\/\/pfefferwerk-akademie.de\/index.php\/zulassungsvoraussetzung\/","title":{"rendered":"Ihre Voraussetzungen f\u00fcr eine Zulassung"},"content":{"rendered":"\n<h2 class=\"wp-block-heading has-text-color has-link-color wp-elements-ff17ab3b4598facd64b2ec3d3be0b8a1\" style=\"color:#00878c\">Voraussetzungen<\/h2>\n\n\n\n<p>F\u00fcr ein Studium an unserer Fachschule m\u00fcssen Sie eine der folgenden Voraussetzungen erf\u00fcllen: <\/p>\n\n\n\n<ul class=\"wp-block-list\">\n<li> Fachhochschulreife oder Hochschulreife mit Schwerpunkt Sozialp\u00e4dagogik<\/li>\n\n\n\n<li> Fachhochschulreife\/Hochschulreife und eine achtw\u00f6chige sozialp\u00e4dagogische T\u00e4tigkeit<\/li>\n\n\n\n<li>MSA + mind. zweij\u00e4hrige Berufsausbildung und ein Nachweis eine f\u00fcr das Fachschulstudium f\u00f6rderliche T\u00e4tigkeit \u00fcber mind. 8 Wochen<\/li>\n\n\n\n<li> MSA + dreij\u00e4hrige Berufst\u00e4tigkeit in einem sozialp\u00e4dagogischen Arbeitsfeld<\/li>\n\n\n\n<li> MSA + vierj\u00e4hrige Berufst\u00e4tigkeit<\/li>\n<\/ul>\n\n\n\n<p>Die Voraussetzungen k\u00f6nnen Sie vollst\u00e4ndig in der Sozialp\u00e4dagogikverordnung (Sozp\u00e4dVO) einsehen.<\/p>\n\n\n\n<figure class=\"wp-block-image size-full\"><img loading=\"lazy\" decoding=\"async\" width=\"921\" height=\"576\" src=\"https:\/\/pfefferwerk-akademie.de\/wp-content\/uploads\/wachsmal-zulassung-edited.png\" alt=\"\" class=\"wp-image-894\" srcset=\"https:\/\/pfefferwerk-akademie.de\/wp-content\/uploads\/wachsmal-zulassung-edited.png 921w, https:\/\/pfefferwerk-akademie.de\/wp-content\/uploads\/wachsmal-zulassung-edited-300x188.png 300w, https:\/\/pfefferwerk-akademie.de\/wp-content\/uploads\/wachsmal-zulassung-edited-768x480.png 768w\" sizes=\"auto, (max-width: 921px) 100vw, 921px\" \/><\/figure>\n\n\n\n<h2 class=\"wp-block-heading has-text-color has-link-color wp-elements-c5f3a92f47a294b650a8ae037ac5cbf2\" style=\"color:#00878c\">Ihre Anmeldung<\/h2>\n\n\n\n<p>Sie k\u00f6nnen sich ab sofort f\u00fcr einen Studienplatz bewerben. Ihre Bewerbung sollte mit den vollst\u00e4ndigen Unterlagen bis sp\u00e4testens 31.05.2026 bei uns eingegangen sein. Eine fr\u00fchzeitige Anmeldung wird empfohlen, da wir pro Jahr lediglich 22 neue Studierende aufnehmen k\u00f6nnen.<\/p>\n\n\n\n<h2 class=\"wp-block-heading has-text-color has-link-color wp-elements-de2e426619a9d500294bfab4e1a26b04\" style=\"color:#00878c\">Bewerbungsunterlagen<\/h2>\n\n\n\n<p>Bitte senden Sie uns Ihre vollst\u00e4ndigen Unterlagen per E-Mail zu. Das muss alles dabei sein: <\/p>\n\n\n\n<ul class=\"wp-block-list\">\n<li> Kurzes Motivationsschreiben<\/li>\n\n\n\n<li> Tabellarischer Lebenslauf<\/li>\n\n\n\n<li> Zeugniskopie \u00fcber die geforderte Schulbildung<\/li>\n\n\n\n<li> eine Erkl\u00e4rung dar\u00fcber, ob Sie schon einmal eine Fachschule f\u00fcr Sozialp\u00e4dagogik besucht haben<br>(wenn ja: Wo und mit welchem Ergebnis?)<\/li>\n\n\n\n<li> Arbeitsvertrag der Praxiseinrichtung, sofern schon vorhanden<\/li>\n\n\n\n<li> Einverst\u00e4ndniserkl\u00e4rung des Arbeitgebers, sofern schon vorhanden<\/li>\n<\/ul>\n\n\n\n<p><strong>Unsere Adresse finden Sie in der Kontaktspalte. Bei R\u00fcckfragen k\u00f6nnen Sie uns telefonisch unter +49 30 44383-721 oder +49 159 04625089 erreichen.<\/strong> <\/p>\n\n\n\n<h4 class=\"wp-block-heading has-text-color has-link-color wp-elements-f0a656caa162e3b54d7f521889c8597e\" style=\"color:#00878c\"><em>Wir freuen uns auf Ihre Bewerbung!<\/em><\/h4>\n","protected":false},"excerpt":{"rendered":"<p>Voraussetzungen F\u00fcr ein Studium an unserer Fachschule m\u00fcssen Sie eine der folgenden Voraussetzungen erf\u00fcllen: Die Voraussetzungen k\u00f6nnen Sie vollst\u00e4ndig in der Sozialp\u00e4dagogikverordnung (Sozp\u00e4dVO) einsehen. Ihre Anmeldung Sie k\u00f6nnen sich ab &#8230; <a title=\"Ihre Voraussetzungen f\u00fcr eine Zulassung\" class=\"read-more\" href=\"https:\/\/pfefferwerk-akademie.de\/index.php\/zulassungsvoraussetzung\/\" aria-label=\"Mehr Informationen \u00fcber Ihre Voraussetzungen f\u00fcr eine Zulassung\">Weiterlesen<\/a><\/p>\n","protected":false},"author":6,"featured_media":0,"parent":0,"menu_order":0,"comment_status":"closed","ping_status":"closed","template":"","meta":{"_price":"","_stock":"","_tribe_ticket_header":"","_tribe_default_ticket_provider":"","_tribe_ticket_capacity":"0","_ticket_start_date":"","_ticket_end_date":"","_tribe_ticket_show_description":"","_tribe_ticket_show_not_going":false,"_tribe_ticket_use_global_stock":"","_tribe_ticket_global_stock_level":"","_global_stock_mode":"","_global_stock_cap":"","_tribe_rsvp_for_event":"","_tribe_ticket_going_count":"","_tribe_ticket_not_going_count":"","_tribe_tickets_list":"[]","_tribe_ticket_has_attendee_info_fields":false,"footnotes":"","_tec_slr_enabled":"","_tec_slr_layout":""},"class_list":["post-691","page","type-page","status-publish"],"ticketed":false,"_links":{"self":[{"href":"https:\/\/pfefferwerk-akademie.de\/index.php\/wp-json\/wp\/v2\/pages\/691","targetHints":{"allow":["GET"]}}],"collection":[{"href":"https:\/\/pfefferwerk-akademie.de\/index.php\/wp-json\/wp\/v2\/pages"}],"about":[{"href":"https:\/\/pfefferwerk-akademie.de\/index.php\/wp-json\/wp\/v2\/types\/page"}],"author":[{"embeddable":true,"href":"https:\/\/pfefferwerk-akademie.de\/index.php\/wp-json\/wp\/v2\/users\/6"}],"replies":[{"embeddable":true,"href":"https:\/\/pfefferwerk-akademie.de\/index.php\/wp-json\/wp\/v2\/comments?post=691"}],"version-history":[{"count":20,"href":"https:\/\/pfefferwerk-akademie.de\/index.php\/wp-json\/wp\/v2\/pages\/691\/revisions"}],"predecessor-version":[{"id":1395,"href":"https:\/\/pfefferwerk-akademie.de\/index.php\/wp-json\/wp\/v2\/pages\/691\/revisions\/1395"}],"wp:attachment":[{"href":"https:\/\/pfefferwerk-akademie.de\/index.php\/wp-json\/wp\/v2\/media?parent=691"}],"curies":[{"name":"wp","href":"https:\/\/api.w.org\/{rel}","templated":true}]}}